{"id":951,"date":"2014-08-30T22:59:30","date_gmt":"2014-08-30T21:59:30","guid":{"rendered":"http:\/\/www.kokenmetcoenen.nl\/?page_id=951"},"modified":"2015-09-22T09:57:32","modified_gmt":"2015-09-22T08:57:32","slug":"creme-brulee","status":"publish","type":"page","link":"http:\/\/www.kokenmetcoenen.nl\/?page_id=951","title":{"rendered":"CREME BRULEE"},"content":{"rendered":"<p>Ingredi\u00ebnten voor 6 personen:<\/p>\n<p>750\u00a0 gram slagroom<br \/>\n125 gram suiker<br \/>\n1 \u00a0vanillestokje<br \/>\n8 \u00a0eierdooiers<\/p>\n<p>Bereiding:<\/p>\n<p>Verwarm de oven voor op ca. 150\u02da.<br \/>\nSnij het vanillestokje in de lengte doormidden en strijk met achterkant van het mes het vanille uit het vanillestokje.<br \/>\nDoe deze samen met de room in een grote kookpan met een dikke bodem en breng dit bij matig vuur langzaam aan de kook.<br \/>\nHaal de pan van het vuur en laat de smaak er 30 minuten intrekken. Verwijder het vanillestokje.<br \/>\nKlop met een garde de eierdooiers samen met 125 gram suiker in een grote kom dik en luchtig.<br \/>\nVoeg de room alroerend beetje voor beetje toe tot een egale massa.<br \/>\nSchenk dit mengsel in een glazen ovenschaal.<br \/>\nZet deze in een ruimere ovenschaal, leg op de bodem van de buitenste schaal een paar sat\u00e9stokjes zodat er water tussen de schalen kan komen.<br \/>\nSchuif de schalen\u00a0in de oven en vul de buitenste schaal met kokend water tot iets onder het niveau van de cr\u00e8me brulee.<br \/>\nLaat de cr\u00e8me br\u00fbl\u00e9e 40-45 minuten garen bij 150\u00b0.<br \/>\nLaat het gerecht eerst rustig afkoelen en\u00a0zet hem daarna minimaal 4 uur\u00a0in de koelkast om op te stijven.<br \/>\nStrooi een laagje van 2-3 mm suiker over de cr\u00e8me br\u00fbl\u00e9e als deze uit de koelkast komt en verhit de suiker met een brandertje tot deze gaat karamelliseren.<\/p>\n<p>Je kunt elk type suiker gebruiken voor het de karamel laag, kristalsuiker smelt goed en bruine suiker geeft een sterkere karamelsmaak.<\/p>\n<p>Lekker in combinatie met vers fruit.<\/p>\n<p>&nbsp;<\/p>\n<p>&nbsp;<\/p>\n","protected":false},"excerpt":{"rendered":"<p>Ingredi\u00ebnten voor 6 personen: 750\u00a0 gram slagroom 125 gram suiker 1 \u00a0vanillestokje 8 \u00a0eierdooiers Bereiding: Verwarm de oven voor op ca. 150\u02da. Snij het vanillestokje in de lengte doormidden en strijk met achterkant van het mes het vanille uit het vanillestokje. Doe deze samen met de room in een grote kookpan met een dikke bodem &hellip; <a href=\"http:\/\/www.kokenmetcoenen.nl\/?page_id=951\" class=\"more-link\">Lees verder <span class=\"screen-reader-text\">CREME BRULEE<\/span> <span class=\"meta-nav\">&rarr;<\/span><\/a><\/p>\n","protected":false},"author":100023,"featured_media":955,"parent":0,"menu_order":0,"comment_status":"closed","ping_status":"closed","template":"","meta":{"wprm-recipe-roundup-name":"","wprm-recipe-roundup-description":"","footnotes":""},"class_list":["post-951","page","type-page","status-publish","has-post-thumbnail","hentry"],"_links":{"self":[{"href":"http:\/\/www.kokenmetcoenen.nl\/index.php?rest_route=\/wp\/v2\/pages\/951","targetHints":{"allow":["GET"]}}],"collection":[{"href":"http:\/\/www.kokenmetcoenen.nl\/index.php?rest_route=\/wp\/v2\/pages"}],"about":[{"href":"http:\/\/www.kokenmetcoenen.nl\/index.php?rest_route=\/wp\/v2\/types\/page"}],"author":[{"embeddable":true,"href":"http:\/\/www.kokenmetcoenen.nl\/index.php?rest_route=\/wp\/v2\/users\/100023"}],"replies":[{"embeddable":true,"href":"http:\/\/www.kokenmetcoenen.nl\/index.php?rest_route=%2Fwp%2Fv2%2Fcomments&post=951"}],"version-history":[{"count":4,"href":"http:\/\/www.kokenmetcoenen.nl\/index.php?rest_route=\/wp\/v2\/pages\/951\/revisions"}],"predecessor-version":[{"id":4424,"href":"http:\/\/www.kokenmetcoenen.nl\/index.php?rest_route=\/wp\/v2\/pages\/951\/revisions\/4424"}],"wp:featuredmedia":[{"embeddable":true,"href":"http:\/\/www.kokenmetcoenen.nl\/index.php?rest_route=\/wp\/v2\/media\/955"}],"wp:attachment":[{"href":"http:\/\/www.kokenmetcoenen.nl\/index.php?rest_route=%2Fwp%2Fv2%2Fmedia&parent=951"}],"curies":[{"name":"wp","href":"https:\/\/api.w.org\/{rel}","templated":true}]}}